{"id":810,"date":"2021-05-19T19:56:14","date_gmt":"2021-05-19T17:56:14","guid":{"rendered":"https:\/\/klinicysta.pl\/?page_id=810"},"modified":"2021-05-19T21:45:23","modified_gmt":"2021-05-19T19:45:23","slug":"statystyka","status":"publish","type":"page","link":"https:\/\/klinicysta.pl\/index.php\/statystyka\/","title":{"rendered":"Statystyka"},"content":{"rendered":"\n<p>Specjalizujemy si\u0119 w wykonywaniu analiz statystycznych w dziedzinie nauk medycznych i w fizjoterapii. Nasz\u0105 ofert\u0119 kierujemy do student\u00f3w, doktorant\u00f3w jak r\u00f3wnie\u017c do pracownik\u00f3w naukowych. W ramach naszej us\u0142ugi oferujemy pe\u0142ne wsparcie przy tworzeniu projekt\u00f3w, przygotowaniu danych, jak r\u00f3wnie\u017c ich analizie i interpretacji. Zakres naszych dzia\u0142a\u0144 uzale\u017cniony jest od Pa\u0144stwa potrzeb. Wykonujemy wszystkie analizy statystyczne dotycz\u0105ce danych ilo\u015bciowych i jako\u015bciowych pocz\u0105wszy od najprostszych po najbardziej skomplikowane.<\/p>\n\n\n\n<div class=\"wp-block-image is-style-default\"><figure class=\"aligncenter size-large is-resized\"><img fetchpriority=\"high\" decoding=\"async\" src=\"https:\/\/klinicysta.pl\/wp-content\/uploads\/2021\/05\/raport_mac_korelacji3.png\" alt=\"\" class=\"wp-image-796\" width=\"796\" height=\"488\" srcset=\"https:\/\/klinicysta.pl\/wp-content\/uploads\/2021\/05\/raport_mac_korelacji3.png 796w, https:\/\/klinicysta.pl\/wp-content\/uploads\/2021\/05\/raport_mac_korelacji3-300x184.png 300w, https:\/\/klinicysta.pl\/wp-content\/uploads\/2021\/05\/raport_mac_korelacji3-768x471.png 768w\" sizes=\"(max-width: 796px) 100vw, 796px\" \/><figcaption>,<\/figcaption><\/figure><\/div>\n\n\n\n<p><strong>Cennik us\u0142ug<\/strong><\/p>\n\n\n\n<p>Ka\u017cda analiza statystyczna wymaga pewnego nak\u0142adu czasu na kt\u00f3ry sk\u0142ada si\u0119 zawi\u0142o\u015b\u0107 analizowanego problemu jak r\u00f3wnie\u017c rodzaj informacji jakie mamy dla Pa\u0144stwa przygotowa\u0107 (np. same wyniki z wykresami i tabelami, b\u0105d\u017a pe\u0142na analiza \u2013 wersja kopiuj wklej). Wycena w zwi\u0105zku z tym dokonywana jest po rozmowie telefonicznej z Pa\u0144stwem.<\/p>\n\n\n\n<p>Je\u017celi analiza dotyczy pracy magisterskiej lub doktorskiej, dodatkowo podczas rozmowy prosimy o podes\u0142anie na adres mailowy <a href=\"mailto:statystyka@klinicysta.pl\">statystyka@klinicysta.pl<\/a> celu pracy i pyta\u0144 badawczych lub postawionej hipotezy, oraz pliku danych w formacie excel. Po ich analizie kontaktujemy si\u0119 z Pa\u0144stwem w przeci\u0105gu maksymalnie jednego dnia celem om\u00f3wienia szczeg\u00f3\u0142\u00f3w.<\/p>\n\n\n\n<div class=\"wp-block-image is-style-default\"><figure class=\"aligncenter size-large\"><img decoding=\"async\" width=\"900\" height=\"798\" src=\"https:\/\/klinicysta.pl\/wp-content\/uploads\/2021\/05\/wykres_mac_korelacji.png\" alt=\"\" class=\"wp-image-798\" srcset=\"https:\/\/klinicysta.pl\/wp-content\/uploads\/2021\/05\/wykres_mac_korelacji.png 900w, https:\/\/klinicysta.pl\/wp-content\/uploads\/2021\/05\/wykres_mac_korelacji-300x266.png 300w, https:\/\/klinicysta.pl\/wp-content\/uploads\/2021\/05\/wykres_mac_korelacji-768x681.png 768w\" sizes=\"(max-width: 900px) 100vw, 900px\" \/><\/figure><\/div>\n   ","protected":false},"excerpt":{"rendered":"<p>Specjalizujemy si\u0119 w wykonywaniu analiz statystycznych w dziedzinie nauk medycznych i w fizjoterapii. Nasz\u0105 ofert\u0119 kierujemy do student\u00f3w, doktorant\u00f3w jak r\u00f3wnie\u017c do pracownik\u00f3w naukowych. W ramach naszej us\u0142ugi oferujemy pe\u0142ne wsparcie przy tworzeniu projekt\u00f3w, przygotowaniu danych, jak r\u00f3wnie\u017c ich analizie i interpretacji. Zakres naszych dzia\u0142a\u0144 uzale\u017cniony jest od Pa\u0144stwa potrzeb. Wykonujemy wszystkie analizy statystyczne dotycz\u0105ce&hellip; <br \/> <a class=\"read-more\" href=\"https:\/\/klinicysta.pl\/index.php\/statystyka\/\">Dowiedz si\u0119 wi\u0119cej<\/a><\/p>\n","protected":false},"author":6,"featured_media":0,"parent":0,"menu_order":0,"comment_status":"closed","ping_status":"closed","template":"","meta":{"_bbp_topic_count":0,"_bbp_reply_count":0,"_bbp_total_topic_count":0,"_bbp_total_reply_count":0,"_bbp_voice_count":0,"_bbp_anonymous_reply_count":0,"_bbp_topic_count_hidden":0,"_bbp_reply_count_hidden":0,"_bbp_forum_subforum_count":0,"footnotes":""},"class_list":["post-810","page","type-page","status-publish","hentry"],"_links":{"self":[{"href":"https:\/\/klinicysta.pl\/index.php\/wp-json\/wp\/v2\/pages\/810","targetHints":{"allow":["GET"]}}],"collection":[{"href":"https:\/\/klinicysta.pl\/index.php\/wp-json\/wp\/v2\/pages"}],"about":[{"href":"https:\/\/klinicysta.pl\/index.php\/wp-json\/wp\/v2\/types\/page"}],"author":[{"embeddable":true,"href":"https:\/\/klinicysta.pl\/index.php\/wp-json\/wp\/v2\/users\/6"}],"replies":[{"embeddable":true,"href":"https:\/\/klinicysta.pl\/index.php\/wp-json\/wp\/v2\/comments?post=810"}],"version-history":[{"count":9,"href":"https:\/\/klinicysta.pl\/index.php\/wp-json\/wp\/v2\/pages\/810\/revisions"}],"predecessor-version":[{"id":829,"href":"https:\/\/klinicysta.pl\/index.php\/wp-json\/wp\/v2\/pages\/810\/revisions\/829"}],"wp:attachment":[{"href":"https:\/\/klinicysta.pl\/index.php\/wp-json\/wp\/v2\/media?parent=810"}],"curies":[{"name":"wp","href":"https:\/\/api.w.org\/{rel}","templated":true}]}}